List the prime factors of 90486702.
2, 3, 19, 264581
What are the prime factors of 23976844?
2, 367, 16333
List the prime factors of 3147855872.
2, 7, 219577
What are the prime factors of 301198743?
3, 413167
What are the prime factors of 72665979?
3, 257, 307
List the prime factors of 9656266.
2, 4828133
List the prime factors of 373363198.
2, 13, 653, 21991
What are the prime factors of 3603561773?
7, 10506011
List the prime factors of 1382163146.
2, 7, 13, 59, 128717
What are the prime factors of 470288990?
2, 5, 47028899
List the prime factors of 30867972.
2, 3, 67, 38393
List the prime factors of 90031232.
2, 347, 2027
List the prime factors of 859264175.
5, 7, 11, 349, 1279
List the prime factors of 76658778.
2, 3, 7, 139, 1459
List the prime factors of 56378701.
61, 924241
What are the prime factors of 37019175?
3, 5, 53, 67, 139
List the prime factors of 6564490.
2, 5, 47, 13967
List the prime factors of 334480662.
2, 3, 127, 146317
What are the prime factors of 48824419?
7, 6974917
What are the prime factors of 42447721?
47, 903143
What are the prime factors of 1249235354?
2, 1321, 472837
What are the prime factors of 583595308?
2, 145898827
What are the prime factors of 35164281?
3, 53, 221159
List the prime factors of 444842642.
2, 222421321
What are the prime factors of 120834407?
120834407
What are the prime factors of 2110011556?
2, 527502889
What are the prime factors of 2421963385?
5, 607, 859, 929
List the prime factors of 132743293.
17, 7808429
List the prime factors of 677740694.
2, 631, 537037
What are the prime factors of 872525882?
2, 431, 541, 1871
What are the prime factors of 8208198?
2, 3, 59, 131
List the prime factors of 77361841.
77361841
What are the prime factors of 151397050?
2, 5, 7, 307, 1409
What are the prime factors of 342995042?
2, 13, 13192117
List the prime factors of 4729836.
2, 3, 394153
What are the prime factors of 108572310?
2, 3, 5, 7, 11, 15667
List the prime factors of 36725681.
36725681
What are the prime factors of 480655395?
3, 5, 11, 971021
What are the prime factors of 35564258?
2, 541, 32869
What are the prime factors of 514680349?
71, 7249019
List the prime factors of 287674762.
2, 109, 1319609
What are the prime factors of 149672369?
7, 11, 17, 109, 1049
List the prime factors of 12392682.
2, 3, 173, 11939
What are the prime factors of 5860466272?
2, 183139571
What are the prime factors of 114648765?
3, 5, 7, 11, 17, 5839
List the prime factors of 3122289043.
67, 46601329
List the prime factors of 201044020.
2, 5, 2347, 4283
What are the prime factors of 1368100742?
2, 31, 711811
List the prime factors of 75035391.
3, 25011797
What are the prime factors of 5361256356?
2, 3, 20929, 21347
What are the prime factors of 4577764616?
2, 37, 179, 86399
List the prime factors of 144360097.
7, 79, 281, 929
What are the prime factors of 1885061805?
3, 5, 11, 109, 281, 373
What are the prime factors of 443300095?
5, 7, 83, 152599
What are the prime factors of 1041687319?
23, 45290753
List the prime factors of 333151282.
2, 19, 359, 24421
What are the prime factors of 167081365?
5, 11, 3037843
List the prime factors of 137534129.
109, 1063, 1187
What are the prime factors of 144611353?
144611353
List the prime factors of 116627903.
7, 41, 251, 1619
What are the prime factors of 942872259?
3, 7, 181, 35437
List the prime factors of 6946341.
3, 29, 79843
List the prime factors of 56161755.
3, 5, 13, 10667
What are the prime factors of 878212426?
2, 7, 13, 4825343
What are the prime factors of 38844969?
3, 179, 72337
What are the prime factors of 442413170?
2, 5, 449, 98533
What are the prime factors of 136556159?
37, 1789, 2063
List the prime factors of 91037855.
5, 31, 587341
List the prime factors of 228167587.
228167587
List the prime factors of 215898748.
2, 13, 19, 218521
What are the prime factors of 10827332?
2, 1571, 1723
What are the prime factors of 273757549?
13, 21058273
What are the prime factors of 4719985811?
211, 22369601
What are the prime factors of 1712657125?
5, 41, 334177
What are the prime factors of 153147335?
5, 11, 1583, 1759
List the prime factors of 758567416.
2, 23, 439, 9391
List the prime factors of 4113198252.
2, 3, 38085169
List the prime factors of 32846716.
2, 7, 59, 337
List the prime factors of 113425612.
2, 29, 59, 16573
List the prime factors of 49460407.
31, 101, 15797
List the prime factors of 436654518.
2, 3, 977, 74489
What are the prime factors of 3860403138?
2, 3, 107, 222707
List the prime factors of 260424487.
260424487
What are the prime factors of 26547519?
3, 8849173
List the prime factors of 125385454.
2, 6079, 10313
What are the prime factors of 3645555012?
2, 3, 11, 59, 5779
What are the prime factors of 121721536?
2, 1901899
List the prime factors of 241930707.
3, 97, 641, 1297
List the prime factors of 3228710651.
149, 21669199
List the prime factors of 202585405.
5, 11, 647, 5693
What are the prime factors of 9325800?
2, 3, 5, 11, 157
List the prime factors of 712212469.
1567, 454507
List the prime factors of 159733629.
3, 11, 1613471
List the prime factors of 53486609.
11, 1367, 3557
What are the prime factors of 771732865?
5, 37, 139, 30011
What are the prime factors of 82192578?
2, 3, 13, 239, 4409
What are the prime factors of 142509738?
2, 3, 7, 484727
What are the prime factors of 6555771649?
7, 936538807
List the prime factors of 1933033.
967, 1999
List the prime factors of 108055732.
2, 43, 628231
What are the prime factors of 4629293422?
2, 13, 178049747
What are the prime factors of 8530050997?
13, 43, 15259483
What are the prime factors of 1194058803?
3, 7, 1160407
What are the prime factors of 2039352255?
3, 5, 15106313
List the prime factors of 164531757.
3, 13, 4218763
List the prime factors of 25360012.
2, 1279, 4957
What are the prime factors of 2792264835?
3, 5, 83, 2242783
List the prime factors of 18277746.
2, 3, 373, 8167
List the prime factors of 334198221.
3, 7, 193, 82457
What are the prime factors of 40596381?
3, 7, 197, 3271
List the prime factors of 1960066320.
2, 3, 5, 8166943
List the prime factors of 334642355.
5, 1783, 37537
List the prime factors of 466592624.
2, 271, 107609
List the prime factors of 3219319094.
2, 151, 10659997
What are the prime factors of 17089857?
3, 1898873
List the prime factors of 46706206.
2, 773, 30211
What are the prime factors of 290000006?
2, 37, 3918919
What are the prime factors of 1580983962?
2, 3, 12347, 21341
List the prime factors of 2391280828.
2, 3001, 199207
List the prime factors of 1898892574.
2, 949446287
List the prime factors of 88413196.
2, 23, 631, 1523
What are the prime factors of 1359556592?
2, 47, 1807921
What are the prime factors of 8929279859?
2003, 4457953
List the prime factors of 59657123.
331, 180233
What are the prime factors of 68151547?
31, 2198437
List the prime factors of 10787587.
10787587
List the prime factors of 613459255.
5, 3701, 33151
List the prime factors of 50236476.
2, 3, 71, 58963
What are the prime factors of 1806754330?
2, 5, 577, 313129
List the prime factors of 1355087292.
2, 3, 13, 29, 23041
What are the prime factors of 62905183?
11, 599, 9547
What are the prime factors of 280363629?
3, 7, 13, 23, 44651
List the prime factors of 559525400.
2, 5, 7, 79, 5059
What are the prime factors of 559686476?
2, 1171, 119489
What are the prime factors of 1954481?
53, 36877
What are the prime factors of 956914494?
2, 3, 23, 6934163
What are the prime factors of 41427198?
2, 3, 17, 37, 3659
List the prime factors of 444828643.
7, 359, 177011
What are the prime factors of 56556273?
3, 163, 115657
List the prime factors of 19477065.
3, 5, 43, 30197
List the prime factors of 425042174.
2, 212521087
List the prime factors of 1083952083.
3, 137, 2637353
What are the prime factors of 394468426?
2, 11, 17930383
List the prime factors of 21552449.
23, 449, 2087
What are the prime factors of 4755843821?
2357, 2017753
List the prime factors of 88208553.
3, 107, 283, 971
List the prime factors of 8154453996.
2, 3, 13, 17424047
What are the prime factors of 6139927445?
5, 37, 5743, 5779
List the prime factors of 829374593.
431, 1924303
List the prime factors of 32473020.
2, 3, 5, 541217
What are the prime factors of 49615273?
49615273
List the prime factors of 